t 6380 (base 9) to base 11.
3583
-18b (base 12) to base 4
-3323
What is 1313422 (base 5) in base 7?
136062
Convert 392 (base 13) to base 4.
21302
Convert -324125 (base 6) to base 15.
-7e42
Convert -1220311 (base 5) to base 15.
-6d21
What is -164 (base 8) in base 12?
-98
What is -2031143 (base 5) in base 3?
-1200200021
Convert 1b35 (base 16) to base 14.
2777
What is 14982 (base 13) in base 10?
38976
What is 1000001101 (base 2) in base 3?
201110
162335 (base 8) to base 12
29aa5
What is 20136 (base 11) in base 16?
7302
110100101011011 (base 2) to base 14
9b87
Convert -12101 (base 9) to base 4.
-1332211
What is -b31 (base 13) in base 9?
-2540
11010011011 (base 2) to base 6
11455
Convert -42 (base 8) to base 11.
-31
-2311121 (base 4) to base 12
-6875
-889 (base 10) to base 3
-1012221
Convert -100010100000 (base 2) to base 16.
-8a0
Convert 567 (base 12) to base 10.
799
-1206 (base 13) to base 15
-b46
What is -285 (base 13) in base 7?
-1206
What is -d2 (base 15) in base 8?
-305
2230 (base 8) to base 11
97a
Convert -1353 (base 7) to base 8.
-1020
Convert 0 (base 4) to base 7.
0
Convert -1515 (base 7) to base 16.
-258
Convert -44001 (base 5) to base 4.
-232321
What is -51 (base 11) in base 14?
-40
What is 21362 (base 7) in base 2?
1010011011000
Convert 13445 (base 6) to base 11.
1655
What is 3672 (base 13) in base 4?
1320102
Convert 35225 (base 9) to base 7.
125360
Convert -a6d3 (base 14) to base 15.
-8801
-413344 (base 5) to base 7
-54435
What is -1542 (base 9) in base 13?
-6c2
-212110 (base 3) to base 2
-1001111001
What is -a81 (base 15) in base 4?
-211003
Convert -110122 (base 4) to base 11.
-a88
-497 (base 15) to base 4
-100102
What is 15c (base 13) in base 7?
501
-c1 (base 15) to base 13
-10c
What is 3033 (base 13) in base 16?
19e9
What is 386f (base 16) in base 14?
539d
Convert 2632 (base 8) to base 2.
10110011010
Convert 10051 (base 8) to base 9.
5606
Convert 481 (base 14) to base 6.
4053
-38a (base 11) to base 13
-296
What is 421 (base 10) in base 9?
517
What is 10010010110 (base 2) in base 3?
1121111
-4324 (base 5) to base 8
-1115
-22151 (base 6) to base 12
-1957
What is 722 (base 13) in base 16?
4bb
What is 6444 (base 8) in base 11?
2589
Convert 1407 (base 14) to base 12.
2067
51730 (base 8) to base 16
53d8
146155 (base 7) to base 4
12332032
7d9 (base 14) to base 11
11a1
What is -1946 (base 14) in base 13?
-2107
Convert -64a (base 15) to base 5.
-21140
What is -110200000 (base 3) in base 7?
-35631
What is -110255 (base 7) in base 13?
-8a62
-18a (base 14) to base 9
-383
26087 (base 9) to base 8
42247
What is 410 (base 8) in base 2?
100001000
-221201 (base 3) to base 15
-314
Convert 3808 (base 9) to base 6.
21055
What is -433 (base 15) in base 5?
-12243
c6a (base 15) to base 12
1754
Convert 423 (base 14) to base 6.
3435
15 (base 6) to base 10
11
201200 (base 3) to base 8
1023
1122111010 (base 3) to base 4
13322232
1010012 (base 3) to base 16
32f
What is 112140 (base 6) in base 12?
5650
What is 4402 (base 5) in base 6?
2442
What is -733 (base 8) in base 11?
-3a2
Convert 13224 (base 5) to base 2.
10000101000
204 (base 5) to base 15
39
What is -103014 (base 5) in base 10?
-3509
20a94 (base 11) to base 3
1112222011
What is 12 (base 7) in base 10?
9
14004 (base 7) to base 6
25253
1211212 (base 4) to base 5
202002
What is 1967 (base 16) in base 6?
50035
Convert -793 (base 13) to base 7.
-3541
-551255 (base 6) to base 16
-b273
What is -1210111012 (base 3) in base 14?
-cc4c
Convert -51860 (base 9) to base 10.
-34236
What is -1d5 (base 15) in base 10?
-425
1221121 (base 3) to base 13
853
Convert b1c (base 15) to base 4.
213012
What is 1404 (base 5) in base 2?
11100101
What is -356 (base 13) in base 2?
-1001000010
What is -100022112 (base 3) in base 11?
-5114
Convert 3fd (base 16) to base 10.
1021
Convert -3172 (base 12) to base 2.
-1010100100110
Convert -330 (base 9) to base 7.
-534
What is 1320 (base 14) in base 7?
12540
2121200 (base 3) to base 5
30113
100000001 (base 2) to base 3
100112
Convert -5511 (base 6) to base 5.
-20032
Convert -279a (base 11) to base 12.
-2116
Convert 22 (base 7) to base 16.
10
What is -1646 (base 10) in base 5?
-23041
What is -305052 (base 6) in base 10?
-24440
Convert 11142 (base 5) to base 14.
40d
What is 112021 (base 4) in base 13?
850
What is 101000100101 (base 2) in base 12?
1605
2100 (base 7) to base 9
1006
What is 1804 (base 9) in base 10?
1381
Convert -2320 (base 7) to base 8.
-1517
What is -1be (base 15) in base 16?
-194
What is -34 (base 14) in base 15?
-31
-a00 (base 12) to base 7
-4125
What is 50500 (base 6) in base 11?
5005
-3001103 (base 4) to base 6
-133135
Convert -219 (base 16) to base 2.
-1000011001
8447 (base 9) to base 14
238b
What is 3762 (base 9) in base 5?
42220
Convert -565d (base 15) to base 9.
-27107
What is 2a53 (base 12) in base 9?
6720
-7832 (base 11) to base 6
-115440
What is -443043 (base 6) in base 3?
-1212201000
Convert -5a (base 16) to base 14.
-66
What is 1210102 (base 3) in base 6?
10015
What is -111111111 (base 2) in base 14?
-287
860 (base 10) to base 3
1011212
What is 83 (base 11) in base 16?
5b
What is -100320 (base 6) in base 2?
-1111011011000
210 (base 4) to base 5
121
What is -10211021 (base 3) in base 16?
-ae4
432004 (base 5) to base 3
202001211
d833 (base 14) to base 8
110645
-368 (base 16) to base 13
-521
-222221 (base 3) to base 7
-2056
Convert 2917 (base 11) to base 2.
111010111001
Convert -10002200 (base 3) to base 11.
-1774
Convert -47b (base 12) to base 2.
-1010011111
Convert -110121022 (base 3) to base 7.
-35534
120212 (base 3) to base 14
228
-4423 (base 5) to base 11
-508
12671 (base 12) to base 4
12020311
What is 304432 (base 6) in base 2?
101111100100100
-111312 (base 4) to base 9
-1823
What is 770 (base 14) in base 8?
2676
341 (base 7) to base 16
b0
Convert 724 (base 9) to base 2.
1001001101
What is -216 (base 10) in base 6?
-1000
Convert 18990 (base 10) to base 16.
4a2e
What is 131 (base 16) in base 6?
1225
15334 (base 7) to base 9
5784
-580 (base 13) to base 14
-4bb
What is -1000001000101010 (base 2) in base 4?
-20020222
5323 (base 6) to base 10
1203
6942 (base 12) to base 4
2313002
-633 (base 11) to base 14
-3c6
Convert -5427 (base 8) to base 9.
-3804
What is -574 (base 14) in base 6?
-5002
Convert 1c1 (base 14) to base 13.
221
What is 20a1 (base 12) in base 14?
1437
-2011101 (base 4) to base 16
-2151
What is -20101 (base 4) in base 13?
-319
What is -166c3 (base 14) in base 2?
-1101101110100011
-111021200 (base 3) to base 7
-40143
4654 (base 7) to base 2
11010101001
1101020 (base 3) to base 6
4353
-306 (base 10) to base 13
-1a7
-101200 (base 4) to base 8
-2140
What is -100000001111110 (base 2) in base 8?
-40176
What is -3306 (base 7) in base 15?
-53c
-352 (base 13) to base 3
-210021
What is -405 (base 12) in base 4?
-21011
Convert -1020213 (base 4) to base 6.
-33303
-7c9 (base 16) to base 15
-8cd
What is 1446 (base 15) in base 16?
10f5
What is 5806 (base 9) in base 3?
12220020
-10010110011 (base 2) to base 4
-102303
8b7 (base 13) to base 2
10111011110
13 (base 15) to base 9
20
11992 (base 11) to base 10
17162
What is -10001010001111110 (base 2) in base 6?
-1303410
Convert 437 (base 14) to base 3.
1010212
-11000011001011 (base 2) to base 15
-3a7b
Convert -73c (base 14) to base 16.
-592
Convert 55a2 (base 16) to base 7.
120625
What is -3252 (base 7) in base 13?
-6b7
What is -937b (base 13) in base 3?
-1000221220
Convert 1d6 (base 15) to base 11.
358
Convert -17c (base 15) to base 6.
-1330
What is 33 (base 4) in base 8?
17
Convert -404 (base 8) to base 11.
-217
64 (base 16) to base 5
400
What is -11002022 (base 3) in base 4?
-232202
6d75 (base 14) to base 6
224255
Convert -21 (base 6) to base 16.
-d
Convert 22322 (base 5) to base 13.
951
What is 3340 (base 5) in base 2?
111010110
Convert -5437 (base 16) to base 12.
-10587
What is -11101 (base 2) in base 13?
-23
Convert 6356 (base 8) to base 5.
101220
What is -422023 (base 5) in base 4?
-3122331
Convert -5e5 (base 16) to base 10.
-1509
What is -9c51 (base 15) in base 7?
-165436
-1740 (base 8) to base 12
-6a8
What is 1553 (base 7) in base 5?
10001
-27949 (base 11) to base 8
-115475
Convert 36696 (base 10) to base 4.
20331120
Convert -81b (base 13) to base 16.
-560
What is 122 (base 4) in base 12?
22
What is -1131 (ba